9*m + z = 0. What is the highest common divisor of m and 300?
50
Let h(r) = 56*r**2 - 12*r + 13. Suppose -c + 2*c = -i - 2, 0 = 5*c + 4*i + 7. Let f be h(c). Calculate the highest common divisor of 95 and f.
19
Let d = 6 + 29. Suppose -3*g = -2*n + 476, 2*g - 8*n = -3*n - 332. Let i = 170 + g. Calculate the greatest common factor of i and d.
7
Suppose 37*x - 727 - 3824 = 0. Suppose -5*d + 58 = -m, 0 = -3*m - 2*d + 6*d - 207. Let l = x + m. Calculate the greatest common divisor of l and 10.
10
Suppose 90 = 4*c + 5*w - 50, -4*w = 0. Let g = c - -64. What is the highest common divisor of g and 22?
11
Suppose -812 = -12*w - 39*w + 412. What is the greatest common divisor of 3560 and w?
8
Let k = -54 + 22. Let j be 9*(k/8 + 5). What is the highest common factor of j and 117?
9
Suppose -3*b + 3*k + 270 = -0*b, -270 = -3*b - 5*k. Let j be (189/252)/((-1)/(-1076)). Let x = j + -797. What is the greatest common divisor of b and x?
10
Let j(v) = -403*v + 66. Let n be j(0). Suppose 0*s = -s + 5*x + 340, 0 = -4*s + x + 1322. Calculate the greatest common divisor of n and s.
66
Let g be 317/7 + (-4)/14. Let f be ((-1080)/(-32))/((-594)/(-8712)). Calculate the greatest common divisor of g and f.
45
Let o = 21 - -9. Let x(f) = -f**2 + 16*f - 47. Let i be x(13). Let v be 27/(-15)*i/(-12)*-5. What is the highest common divisor of v and o?
6
Let u(l) = 6*l - 14. Let k be u(4). Suppose 0*s + 5*v = s - 27, -4*v = 5*s + k. Suppose -s*a - 4*a = -42. What is the greatest common factor of 49 and a?
7
Suppose -10432 + 2017 = -15*c. What is the highest common factor of 33 and c?
33
Suppose 0 = 2*r + 2*r - 76. Let i be (-26)/91*7*114/9*-12. What is the highest common factor of r and i?
19
Let d = 10 + -11. Let n be 2/(3/(-33)*d). Let p(s) = 2*s**3 - 24*s**2 - 7*s + 95. Let x be p(12). What is the highest common divisor of x and n?
11
Let n be (-2214)/45*(-1)/(6/15). Suppose -5*s = 3*a - 0*s - n, -5*a + 205 = 4*s. What is the highest common divisor of 246 and a?
41
Let i = -7756 + 10726. Calculate the highest common divisor of 54 and i.
54
Let d = -100 + 215. Suppose -58*m + 368 = -42*m. What is the greatest common factor of m and d?
23
Let t = -326 - 541. Let g = -818 - t. Calculate the greatest common factor of g and 7.
7
Let i(n) = -n**2 + 8*n + 18. Let q be i(-7). Let k = q - -111. Calculate the greatest common factor of 84 and k.
12
Let i = 658 - 385. Suppose h - i = -g, g - 3*g = h - 274. Calculate the greatest common factor of 204 and h.
68
Let s = -17071 - -18619. Calculate the highest common divisor of s and 576.
36
Let v be (-142)/(-6) - 9/(-27). Suppose 3*z = 51 - 36. Suppose 2*t + t = z*m + 51, -t - 4*m = 0. What is the greatest common factor of t and v?
12
Suppose 0 = 17*i - 20*i + 1053. Calculate the highest common divisor of 546 and i.
39
Suppose -43849 - 34103 = -84*b. Calculate the highest common factor of 208 and b.
16
Let l(m) = -1111*m + 25628. Let q be l(23). Let n = 20 + -5. What is the greatest common divisor of n and q?
15
Let c(x) = 39*x + 48. Let f(b) = -31*b - 44. Let w(y) = 3*c(y) + 4*f(y). Let d = 2 - 10. Let j be w(d). Calculate the highest common factor of j and 6.
6
Let f(w) = 4*w**2 - 14*w + 102. Let k be f(6). What is the highest common factor of 3807 and k?
81
Let v(i) = i**3 + 82*i**2 + 126*i + 437. Let j be v(-80). What is the greatest common divisor of j and 41?
41
Let r(w) = w - 2. Let l be r(-5). Let f(a) = 7*a**2 + a**3 + 8*a - 8*a - 14*a + 6*a - 14. Let b be f(l). What is the greatest common divisor of b and 6?
6
Suppose -13*h - 9*h - 2552 = -8096. Calculate the highest common divisor of h and 812.
28
Suppose -1430 = -2*u + 274. Let s = u - 390. Calculate the greatest common factor of s and 42.
42
Suppose 43*b - 3*b - 2912 - 2128 = 0. Let s = 43 - 25. What is the highest common divisor of b and s?
18
Let y be 2/(-6)*(-15)/10*(58 - -208). Calculate the greatest common factor of y and 171.
19
Suppose 38952*j = 38937*j + 1575. What is the greatest common factor of 2555 and j?
35
Suppose 166*t = 2720 + 20520. Calculate the greatest common divisor of 3892 and t.
28
Suppose -3*k = 17*k - 1440. Calculate the highest common factor of k and 7632.
72
Let p(t) = -t**2 - 3*t + 23. Let n be p(-6). Suppose 0 = -j - w + 13, n*w - 8 = 17. Let v be 38/j*(-64)/(-2). Calculate the highest common factor of 19 and v.
19
Let z be (-225)/(-21) - 2/(-7). Let h(l) = -9*l**2 + 28*l - 18. Let v be h(1). Calculate the highest common divisor of z and v.
1
Suppose -894*j = -891*j + 6. Let r(v) = 7*v + 5 - 2*v**2 - 3*v + 9*v**2. Let m be r(j). Calculate the greatest common divisor of m and 50.
25
Let b = -1087 - -2284. Calculate the highest common factor of 665 and b.
133
Suppose -5*q - 2*f - f - 133 = 0, -3*f = 2*q + 46. Let i = 20 + q. Let z(r) = 5*r**2 - 9*r - 24. Let p be z(i). What is the highest common divisor of 42 and p?
42
Let o be 3 - (1 - 0) - (69 - 20). Suppose 20 = -5*x, -2*x = 3*w - 107 - 53. Let g = o + w. What is the highest common factor of 36 and g?
9
Let i = 1739 - 1397. Calculate the greatest common divisor of 252 and i.
18
Let w = 52 + -39. Suppose 5*j - w = 2*r, 0 = -2*r + 3*j - j - 4. Let f be 177 - (1 + r - 0). What is the highest common divisor of f and 35?
35
Let l(g) = 96*g + 1224. Let o be l(-11). Calculate the highest common divisor of o and 3.
3
Let r(j) = 11*j - 21. Let p be r(6). Let t(k) = -8*k + 4. Let n be t(-7). What is the greatest common factor of p and n?
15
Let k be (3 + 4 + -3)/(-2 - -1). Let p(g) = 7*g**2 - 2*g. Let h be p(k). Let w(u) = -9*u - 6. Let i be w(-6). Calculate the highest common divisor of i and h.
24
Suppose -218 = -5*h - 4*o, 271*h - o + 319 = 278*h. Calculate the highest common divisor of h and 1196.
46
Suppose 0 = 2*s + 3*w - 4730, 3*s - 3*w = 4777 + 2333. What is the highest common divisor of s and 148?
148
Suppose 0 = -7*r - 116 + 7816. What is the highest common divisor of 44 and r?
44
Let s(m) = -6*m - 217. Let y be s(-37). Suppose -6*b = -y*b - 5*c - 59, 0 = 2*b + 4*c - 188. What is the greatest common factor of 189 and b?
21
Let q(p) = -p**2 + 12*p - 1. Let y be q(8). Suppose 7*d = 355 - 26. Suppose 2*b - 543 = -d. What is the highest common divisor of y and b?
31
Suppose 5*p - 249 = 6. Suppose p*o - 621 = 50*o. Calculate the greatest common divisor of o and 27.
27
Suppose -d + 20 = 4*c, -2*c - 2*c + 20 = -5*d. Suppose d = -h - 39 + 49. Let s be 3 + 26/(-10) + 66/h. What is the greatest common factor of 28 and s?
7
Let x = -132 + 189. Let o(g) = -11*g + 52. Let s be o(4). Let j(z) = 30*z - 202. Let a be j(s). Calculate the greatest common divisor of a and x.
19
Let p(q) = 4880*q + 16. Let w be p(1). Suppose -w = -10*c - 7*c. What is the highest common factor of 32 and c?
32
Suppose -5*n = 4*a - 42 - 54, 5*a - 120 = -3*n. Calculate the greatest common factor of 7404 and a.
12
Let m(w) = 187*w + 8137. Let c be m(-43). Calculate the highest common divisor of 4008 and c.
24
Let d = 150 - 0. Suppose 82 = s - d. What is the highest common factor of 58 and s?
58
Let d(k) = -k**3 - 9*k**2 - k - 21. Let n be d(-9). Let c = 1 - n. Calculate the greatest common factor of 221 and c.
13
Let k = 96 + -93. Let j be (-12)/k - 20/(-2). What is the highest common factor of j and 15?
3
Suppose -1437 = 5*p - 87. Let a be (p/(-2))/((-4)/(-2) + -1). Let z = a - 80. Calculate the highest common factor of z and 22.
11
Let i be (6 + -494)*((-15)/12 - -1). Suppose -r = i - 317. What is the highest common divisor of r and 260?
65
Suppose -l = l + 38. Let g = -13 - l. Let r(f) = f**2 + 3*f - 3. Let s be r(3). What is the highest common factor of g and s?
3
Suppose 26*w = -19*w + 125685. Suppose 0 = 114*m - 121*m + w. Calculate the highest common factor of 21 and m.
21
Let g = 150 - 90. Let o = 126 - g. Suppose -2*q + 30 = i, -o = -3*i + 5*q + 35. Calculate the highest common divisor of 48 and i.
16
Suppose 4*a - 2712 = 3*v + 804, -3516 = -4*a + 4*v. Calculate the highest common divisor of a and 3.
3
Let b = 57239 + -32502. What is the highest common divisor of b and 29?
29
Let y(u) = -7*u**3 + 2*u**2 - 1. Let t be y(-1). Suppose -6 = 3*j, -j = 2*o - 7*o + 1177. Let b = -203 + o. What is the greatest common divisor of t and b?
8
Let c = -33156 + 65057. What is the highest common factor of c and 23?
23
Let x be 501 + 0 +